3094*x**2. What is l(0)?
9
Let x(a) = -3 - 1 + 3 - 10*a + 9. Let g(d) = -4*d + 3. Let h(k) = -9*g(k) + 4*x(k). Determine h(2).
-3
Let f = 100283/66858 + 2/33429. Let k(g) be the second derivative of -1/12*g**4 + 0 + 1/2*g**3 - f*g**2 - 21*g. What is k(2)?
-1
Let s(l) = 16*l + 2. Let o = -237 - -261. Let z(k) = k**3 - 25*k**2 + 22*k + 46. Let m be z(o). Give s(m).
-30
Let x(c) = -c**3 - 6*c**2 + 2. Let k be x(-6). Let s(l) = -127*l + 7 + 266*l - 135*l - 6*l**2 - k*l**3 + 3*l**3. What is s(6)?
31
Let n be -8 + 10 + (-72)/24. Let l(t) = -7*t**2 + 3*t + 4. Determine l(n).
-6
Let j(b) = 14*b + 140. Let q(f) = 2*f + 9. Let c(t) = j(t) - 14*q(t). Give c(6).
-70
Let y(c) = -17*c**2 + 10*c + 461. Let j(q) = 10*q**2 - 4*q - 230. Let x(i) = 5*j(i) + 3*y(i). Determine x(-11).
2
Let g be (-9)/36 + (-14)/8. Let s be 2*9*g/(-12). Let x(y) = 4*y**s + 7 + 0*y + y - 5*y**3 + 6*y**2. Determine x(6).
13
Let l(h) = h**2 + 16*h + 27. Suppose 90 = 15*p + 195 + 120. Determine l(p).
12
Let l(j) = -98*j + 488. Let r be l(5). Let m(p) = p + 1. Let y(o) = -10*o - 3. Let d(z) = -5*m(z) - y(z). Give d(r).
-12
Let f(g) be the second derivative of -g**3/2 + g**2/2 + 2*g. Suppose 4*w + 2055 = h + 2061, 5*w = h + 5. What is f(w)?
4
Let l(j) = 4*j + 5*j - 84 + 2 - 59. Let q be l(15). Let u(a) = a**3 + 7*a**2 + 5*a - 8. Give u(q).
-2
Let w be (-4329)/(-65) - (-2)/5. Let o = 68 - w. Let g(f) = -5*f**2 - 1. Determine g(o).
-6
Let v(p) be the first derivative of p**5/120 - p**4/3 - 2*p**3/3 + 40*p - 92. Let f(n) be the third derivative of v(n). Calculate f(3).
-5
Let c = 26 - 14. Let j be c + -6 + -2*2. Let t(p) = -5*p + 0*p**j - 3*p**2 + p + 4*p**2 + 2. What is t(5)?
7
Suppose 10*y = 2*y + 8. Let l be 9*y - 0/(-4). Let f(j) = l*j + 3*j - 13*j. Give f(5).
-5
Let x(b) = 2*b**2 - 15*b + 7. Let d = 142 + -118. Suppose 3*i + 5*n - n - 9 = 0, d = 3*i - n. Calculate x(i).
0
Let m(v) be the first derivative of -2*v**3/3 + 5*v**2/2 + 2*v + 105353. Let x = -5 - -9. Give m(x).
-10
Suppose 0 = 4285*u - 4289*u - 20. Let b(j) = -j**3 - 6*j**2 + 6*j - 4. Determine b(u).
-59
Let l(r) = -5*r**3 + 13*r**2 + 5*r + 3. Suppose 3*z + 5*y = -6, 0 = 3*z + 173*y - 174*y - 12. Give l(z).
0
Let a be ((-890)/16020)/(1/(-42) + 0). Let z(x) be the first derivative of a*x**3 + 1/2*x**2 - 4*x - 1/4*x**4 - 28. Calculate z(7).
3
Let d(r) = r**3 + 13*r**2 + 12*r + 1. Let w = -51 + 39. Let c be d(w). Let v(f) = -17*f**3 - f + 1. Give v(c).
-17
Let j(h) = -3*h - 1. Suppose -2*x - 2*o - 10 = -0*o, 0 = 5*o - 10. Let i = 34 + x. Let y = i + -31. Calculate j(y).
11
Let a(m) = -m**3 + 6*m**2 - 4*m - 6. Let s = -53 - -123. Suppose -t + s = t - 2*j, 4*t + 2*j - 110 = 0. Suppose 0*o + 6*o = t. Give a(o).
-1
Let x(n) be the third derivative of n**6/120 + n**5/10 + n**4/12 + 2*n**3 - 1197*n**2 - 48*n. Let t = 1 - 7. Determine x(t).
0
Let v(q) = -20 - 3 + 1014*q**2 - 1012*q**2 + 9*q. Calculate v(-10).
87
Suppose -2*f - 11*f = -26. Suppose -2366 = -f*v - 2370. Let n(b) = 5*b + 6. Calculate n(v).
-4
Let a(q) = -q + 7. Let p be ((-3)/(-6))/(0 + (-3)/(-72)). Suppose 2*m - p = 8. Suppose b + 2*c + 16 = 3*b, 4*c - m = -3*b. Give a(b).
1
Let q = 20204 - 20205. Let s(x) = -18*x**3 + 2*x**2 + 5*x + 3. Calculate s(q).
18
Let d = 15844 + -15849. Let f(v) = v**2 - 24*v - 153. Calculate f(d).
-8
Let p(v) = -v**3 - 28*v**2 - 55*v - 82. Let c(w) = -w**3 - 4*w**2 + 65*w - 26. Let g be c(0). Give p(g).
-4
Let i(x) = x**2 + 43*x - 477. Let t be i(9). Let l(j) = j**2 - 9*j - 156. Determine l(t).
6
Let z(o) = -21*o + 2. Let v be z(0). Let t(y) = v*y - 281 - y - y**2 + 287. Calculate t(6).
-24
Let r(j) = 13*j - 16. Let a(g) = 0*g + 4 - 10*g + 5 + 3*g. Let h(m) = -11*a(m) - 6*r(m). Suppose -5*x - 17 = 8. What is h(x)?
2
Let s(w) = -w**3 - 5*w**2 + w**2 + w**3 - w**3 + 2. Let y be 24/15*(-350)/140. Determine s(y).
2
Let b be 1/3 - 50/15. Let r(q) = q - 1. Let v(y) be the second derivative of y**5/20 + y**4/4 + y**3/3 + 9*y. Let k(z) = r(z) + v(z). Calculate k(b).
-10
Let w(k) = -3225*k + 7 + 1589*k + 1649*k. Give w(-2).
-19
Let u(x) = 4*x**3 - 3*x**2 - 1. Let r(a) = -a**3 - a. Let h(t) = 3*r(t) + u(t). Let d = -342 - -250. Let k = 95 + d. What is h(k)?
-10
Let j be (23/(-12) + 2)*(-315)/(-630). Let w(c) be the third derivative of -1/60*c**5 + 0*c + j*c**4 + 0 - c**3 - 1/120*c**6 - c**2. Give w(0).
-6
Let w(z) = -z**2 + z - 1. Let n be (231/28 - 1) + (-3)/(-4). Suppose 4*j = -5*k + 4, 3*k - n*k = -4*j + 4. Determine w(j).
-1
Let v(h) = -h**3 - 4*h**2 - 2*h - 2. Let y = 1126 + -573. Suppose -4*u = -541 + y. Determine v(u).
-5
Let r(z) = -767 + 14*z + 1530 + 3*z - 758. What is r(-1)?
-12
Suppose -11*t - 12 = -13*t. Suppose -2*j + t*y = y - 27, 10 = 5*j - y. Suppose a - 1 = -0*a, -j = q - a. Let m(r) = -r**3 + r**2 + r + 10. What is m(q)?
10
Let a be (-6)/(103/101 - -1 - 2). Let q be (-12)/54 - a/27. Let m(y) = 1 + 0 + 0*y - q*y + 7*y. What is m(1)?
-3
Let n(j) = -j**3 + 7*j**2 + 3*j - 4. Let s = -11207 - -11216. What is n(s)?
-139
Let c(d) = d**2 + 18*d + 13. Let k(n) = -11*n**2 - 188*n - 130. Let r(z) = -21*c(z) - 2*k(z). Give r(-4).
11
Let n = 15 + -8. Let i = 11 - n. Let g(v) = 11*v**3 - 19*v**2 + 31*v + 10. Let f(r) = r**3 - 2*r**2 + 3*r + 1. Let z(t) = 12*f(t) - g(t). Give z(i).
6
Let j(q) = -12*q**2 - q - 1. Suppose -2*o + 32 = 6*o. Suppose -447 = o*g - 7*g. Suppose -146*k = -g*k - 3. What is j(k)?
-12
Let p(c) = c**2 - 8*c - 4. Suppose 6*r + r = -161. Let i = 25 + r. Let f(a) = 10*a - 12. Let t be f(i). What is p(t)?
-4
Let t(d) = -d + 8. Let p be t(7). Let r(m) = m**3 + 14*m**2 - 14*m + 17. Let b be r(-15). Let q(x) = 8*x**2 + 0 + 4*x - 17*x**2 - 1 - b*x. What is q(p)?
-8
Let m(g) = 22*g**3 - g - 1. Let h(p) be the third derivative of -p**5/60 - 11*p**4/12 - 29*p**3/3 + 22*p**2 - 1. Let b be h(-19). Determine m(b).
-22
Suppose 5*g + 5 = -3*c, -4*c - 59*g + 1 = -60*g. Let b(m) be the third derivative of 1/24*m**4 + 0*m + 8*m**2 + c + 2/3*m**3. Determine b(5).
9
Let d = 115 + -68. Suppose -3*q - c = 11 + 7, 0 = 5*q - 4*c + d. Let t(j) = -j**2 - 8*j - 5. Calculate t(q).
2
Let p(c) be the third derivative of 27*c**2 + 1/24*c**4 + 0*c + 0 - 2/3*c**3. Let b(y) = y**2 + 4*y - 3. Let q be b(-4). What is p(q)?
-7
Let r(w) = w + 4. Let n be r(-2). Let l = 77 - 74. Suppose -n = -x - 4*u, l*u - 1 = -4*x + 20. Let z(g) = g**2 - 9*g + 8. Determine z(x).
-10
Let o(z) be the first derivative of -2*z**3/3 - z**2 + 3*z - 6966. Suppose 2 = 5*k - 8. Calculate o(k).
-9
Let u(v) = -4*v - 7. Let j be (12/24)/(133/70 + -2). Calculate u(j).
13
Let m = -15843 + 15847. Let c(d) = -20*d + 69. What is c(m)?
-11
Let z be (1 + -1)*(-2 + 3). Suppose 15 = -10*v + 45. Let w(u) = 3973 - v*u - 3965 + 4*u. Calculate w(z).
8
Let g(n) = n**3 + 27*n**2 - 60*n - 68. Let f(r) = -r**2 + 7*r - 29. Let h be f(0). Determine g(h).
-10
Let v(s) = -25*s**3 + s**2 - s. Let c = -278 - -290. Suppose 0 = -17*p - c + 29. Calculate v(p).
-25
Let w(z) be the first derivative of z**2/2 - 6*z - 2864. Determine w(-4).
-10
Let b(n) = 3*n. Let t be b(-2). Suppose 3*i = 18*i - 30. Let w(g) = -6 - 5 + 19 - 15 + 4*g + g**i. What is w(t)?
5
Let y(w) be the third derivative of -w**6/240 + 29*w**5/120 - 125*w**4/24 + 20*w**2 - w. Let i(o) be the second derivative of y(o). Give i(12).
-7
Suppose -3*l = -4 - 14. Let b(f) = -13 + 30 + 2*f - 6 - 15. Let h(z) = -z**2 - 2*z + 16. Let m(a) = 4*b(a) + h(a). Determine m(l).
0
Let r(s) = -122*s**2 - 30*s - 17. Let j(f) = -167*f**2 - 41*f - 23. Let q(a) = 8*j(a) - 11*r(a). What is q(-2)?
23
Let l(c) = c**2 + c**3 + 0*c + 3 - 2*c - 2. Suppose -57 = 3*n - 3. Let r be (-4)/(-9) - 28/n. Determine l(r).
9
Suppose 28 = 4*n - 0*t - 5*t, -32 = -n - 5*t. Suppose 5*q + l - n = 2*l, -4*q + l + 9 = 0. Let f(d) = 5 - 6 + 11*d**3 - q*d**3 + 2*d**2. Give f(-1).
-7
Suppose 244*t - 223 - 2461 = 0. Let k(p) = 20*p**2 - 50*p + 44. Let w(g) = -7*g**2 + 17*g - 15. Let o(l) = -6*k(l) - 17*w(l). Calculate o(t).
-9
Let c(r) be the first derivative of -11*r**2/2 - 57*r - 2. Let a(z) = -31*z + 1079. Let d be a(35). Let t be c(d). Let s(g) = -g - 9. Calculate s(t).
-18
Suppose 754 - 762 = -4*n, 2*y + 5*n - 76 = 0. Let q(a) = -3*a**2 + 101*a - 63. Give q(y).
3
Let w(n) be the second derivative of -n**4/12 + 11*n**3/6 + 19*n**2 + 1847*n + 3. What is w(10)?
48
Let t be (2 - (6 + 1))*198/(-990). L